{"id":1289,"date":"2019-03-14T13:25:46","date_gmt":"2019-03-14T12:25:46","guid":{"rendered":"http:\/\/bmone.cz\/?page_id=1289"},"modified":"2019-03-21T10:51:39","modified_gmt":"2019-03-21T09:51:39","slug":"material-pro-stavbu-objednavka","status":"publish","type":"page","link":"https:\/\/bmone.cz\/index.php\/material-pro-stavbu-objednavka\/","title":{"rendered":"Objedn\u00e1vka &#8211; Materi\u00e1l pro stavbu"},"content":{"rendered":"<p>[et_pb_section bb_built=&#8220;1&#8243; admin_label=&#8220;Sekce&#8220; fullwidth=&#8220;on&#8220;][et_pb_fullwidth_menu admin_label=&#8220;Tu\u010dn\u00e9 menu&#8220; menu_id=&#8220;2&#8243; background_layout=&#8220;dark&#8220; text_orientation=&#8220;right&#8220; submenu_direction=&#8220;downwards&#8220; fullwidth_menu=&#8220;off&#8220; module_id=&#8220;primaryMenu&#8220; global_module=&#8220;57&#8243; saved_tabs=&#8220;all&#8220; background_color=&#8220;#ffffff&#8220; dropdown_menu_animation=&#8220;fade&#8220; \/][\/et_pb_section][et_pb_section bb_built=&#8220;1&#8243; admin_label=&#8220;section&#8220; module_id=&#8220;contMain&#8220;][et_pb_row admin_label=&#8220;\u0158\u00e1dek&#8220; module_id=&#8220;innerMain&#8220;][et_pb_column type=&#8220;1_2&#8243;][et_pb_image admin_label=&#8220;Obr\u00e1zek&#8220; src=&#8220;https:\/\/bmone.cz\/wp-content\/uploads\/2018\/12\/logoBMO.png&#8220; url=&#8220;https:\/\/bmone.cz&#8220; disabled_on=&#8220;off|off|on&#8220; module_id=&#8220;logoMobil&#8220; \/][et_pb_text admin_label=&#8220;P\u0159edplatn\u00e9&#8220; background_layout=&#8220;light&#8220; text_orientation=&#8220;left&#8220; use_border_color=&#8220;off&#8220; border_color=&#8220;#ffffff&#8220; border_style=&#8220;solid&#8220;]<\/p>\n<div class=\"predplatneNadpis\">P\u0159edplatn\u00e9<\/div>\n<p>[\/et_pb_text][\/et_pb_column][et_pb_column type=&#8220;1_2&#8243;][\/et_pb_column][\/et_pb_row][\/et_pb_section][et_pb_section bb_built=&#8220;1&#8243; admin_label=&#8220;Sekce&#8220; fullwidth=&#8220;off&#8220; specialty=&#8220;off&#8220; transparent_background=&#8220;off&#8220; allow_player_pause=&#8220;off&#8220; inner_shadow=&#8220;off&#8220; parallax=&#8220;off&#8220; parallax_method=&#8220;on&#8220; make_fullwidth=&#8220;off&#8220; use_custom_width=&#8220;off&#8220; width_unit=&#8220;on&#8220; make_equal=&#8220;off&#8220; use_custom_gutter=&#8220;off&#8220; module_id=&#8220;iframeCont&#8220;][et_pb_row admin_label=&#8220;\u0158\u00e1dek&#8220; allow_player_pause=&#8220;off&#8220; parallax=&#8220;off&#8220; parallax_method=&#8220;on&#8220; parallax_1=&#8220;off&#8220; parallax_method_1=&#8220;off&#8220; make_fullwidth=&#8220;off&#8220; use_custom_width=&#8220;off&#8220; width_unit=&#8220;on&#8220; use_custom_gutter=&#8220;off&#8220; make_equal=&#8220;off&#8220; module_id=&#8220;iframeInnerCont&#8220; module_id_1=&#8220;iframeInner&#8220;][et_pb_column type=&#8220;4_4&#8243;][et_pb_text admin_label=&#8220;iFrame&#8220; background_layout=&#8220;light&#8220; text_orientation=&#8220;left&#8220; use_border_color=&#8220;off&#8220; border_color=&#8220;#ffffff&#8220; border_style=&#8220;solid&#8220; module_id=&#8220;iframeModule&#8220;]<\/p>\n<p><iframe loading=\"lazy\" src=\"https:\/\/send.cz\/partner\/bm4.php?title=materialy-pro-stavbu\" width=\"100%\" height=\"100%\"><br \/>\n<\/iframe><\/p>\n<p>[\/et_pb_text][\/et_pb_column][\/et_pb_row][\/et_pb_section][et_pb_section bb_built=&#8220;1&#8243; admin_label=&#8220;Sekce&#8220; module_id=&#8220;patickaVOPCont&#8220; transparent_background=&#8220;off&#8220; allow_player_pause=&#8220;off&#8220; inner_shadow=&#8220;off&#8220; parallax=&#8220;off&#8220; parallax_method=&#8220;on&#8220; make_fullwidth=&#8220;off&#8220; use_custom_width=&#8220;off&#8220; width_unit=&#8220;on&#8220; make_equal=&#8220;off&#8220; use_custom_gutter=&#8220;off&#8220;][et_pb_row admin_label=&#8220;\u0158\u00e1dek&#8220; parallax_method_1=&#8220;off&#8220; module_id=&#8220;innerFooter&#8220;][et_pb_column type=&#8220;4_4&#8243;][et_pb_text admin_label=&#8220;Text&#8220; background_layout=&#8220;light&#8220; text_orientation=&#8220;left&#8220; use_border_color=&#8220;off&#8220; border_color=&#8220;#ffffff&#8220; border_style=&#8220;solid&#8220; disabled=&#8220;on&#8220; disabled_on=&#8220;on|on|on&#8220;]<\/p>\n<p style=\"text-align: right; font-size: 220%;\"><span style=\"color: #df1256;\">Medi\u00e1ln\u00ed partne\u0159i<\/span><\/p>\n<p>[\/et_pb_text][et_pb_text admin_label=&#8220;Text&#8220; background_layout=&#8220;light&#8220; text_orientation=&#8220;left&#8220; use_border_color=&#8220;off&#8220; border_color=&#8220;#ffffff&#8220; border_style=&#8220;solid&#8220; disabled=&#8220;on&#8220; disabled_on=&#8220;on|on|on&#8220;]<\/p>\n<p><img decoding=\"async\" class=\"aligncenter\" src=\"https:\/\/bmone.cz\/wp-content\/uploads\/2018\/12\/logaFooter.png\" alt=\"loga\" \/><\/p>\n<p>[\/et_pb_text][et_pb_text admin_label=&#8220;Text&#8220; module_id=&#8220;textFooter&#8220; background_layout=&#8220;light&#8220; text_orientation=&#8220;left&#8220; use_border_color=&#8220;off&#8220; border_color=&#8220;#ffffff&#8220; border_style=&#8220;solid&#8220;]<\/p>\n<p style=\"text-align: center;\"><span style=\"color: #f2f2f2; font-size: 8pt;\">\u00a9 2018 www.bmone.cz | Internetov\u00e1 str\u00e1nka www.bmone.cz je v\u00fdhradn\u00edm projektem spole\u010dnosti Business Media One, s.r.o., se s\u00eddlem N\u00e1dra\u017en\u00ed 762\/32, 150 00 Praha 5, I\u010c 03589552.<\/span><br \/>\n<span style=\"color: #ffffff; font-size: 8pt;\"><a style=\"color: #f2f2f2;\" href=\"https:\/\/bmone.cz\/index.php\/gdpr\/\">Ochrana soukrom\u00ed<\/a>\u00a0|\u00a0<a style=\"color: #ffffff;\" href=\"https:\/\/bmone.cz\/index.php\/vop\/\">V\u0161eobecn\u00e9 obchodn\u00ed podm\u00ednky<\/a><\/span><\/p>\n<p>[\/et_pb_text][\/et_pb_column][\/et_pb_row][\/et_pb_section]<\/p>\n","protected":false},"excerpt":{"rendered":"<p>[et_pb_section bb_built=&#8220;1&#8243; admin_label=&#8220;Sekce&#8220; fullwidth=&#8220;on&#8220;][et_pb_fullwidth_menu admin_label=&#8220;Tu\u010dn\u00e9 menu&#8220; menu_id=&#8220;2&#8243; background_layout=&#8220;dark&#8220; text_orientation=&#8220;right&#8220; submenu_direction=&#8220;downwards&#8220; fullwidth_menu=&#8220;off&#8220; module_id=&#8220;primaryMenu&#8220; global_module=&#8220;57&#8243; saved_tabs=&#8220;all&#8220; background_color=&#8220;#ffffff&#8220; dropdown_menu_animation=&#8220;fade&#8220; \/][\/et_pb_section][et_pb_section bb_built=&#8220;1&#8243; admin_label=&#8220;section&#8220; module_id=&#8220;contMain&#8220;][et_pb_row admin_label=&#8220;\u0158\u00e1dek&#8220; module_id=&#8220;innerMain&#8220;][et_pb_column type=&#8220;1_2&#8243;][et_pb_image admin_label=&#8220;Obr\u00e1zek&#8220; src=&#8220;https:\/\/bmone.cz\/wp-content\/uploads\/2018\/12\/logoBMO.png&#8220; url=&#8220;https:\/\/bmone.cz&#8220; disabled_on=&#8220;off|off|on&#8220; module_id=&#8220;logoMobil&#8220; \/][et_pb_text admin_label=&#8220;P\u0159edplatn\u00e9&#8220; background_layout=&#8220;light&#8220; text_orientation=&#8220;left&#8220; use_border_color=&#8220;off&#8220; border_color=&#8220;#ffffff&#8220; border_style=&#8220;solid&#8220;] P\u0159edplatn\u00e9 [\/et_pb_text][\/et_pb_column][et_pb_column type=&#8220;1_2&#8243;][\/et_pb_column][\/et_pb_row][\/et_pb_section][et_pb_section bb_built=&#8220;1&#8243; admin_label=&#8220;Sekce&#8220; fullwidth=&#8220;off&#8220; specialty=&#8220;off&#8220; transparent_background=&#8220;off&#8220; allow_player_pause=&#8220;off&#8220; inner_shadow=&#8220;off&#8220; parallax=&#8220;off&#8220; parallax_method=&#8220;on&#8220; make_fullwidth=&#8220;off&#8220; use_custom_width=&#8220;off&#8220; width_unit=&#8220;on&#8220; make_equal=&#8220;off&#8220; use_custom_gutter=&#8220;off&#8220; module_id=&#8220;iframeCont&#8220;][et_pb_row admin_label=&#8220;\u0158\u00e1dek&#8220; allow_player_pause=&#8220;off&#8220; [&hellip;]<\/p>\n","protected":false},"author":1,"featured_media":0,"parent":0,"menu_order":0,"comment_status":"closed","ping_status":"closed","template":"","meta":{"footnotes":""},"class_list":["post-1289","page","type-page","status-publish","hentry"],"_links":{"self":[{"href":"https:\/\/bmone.cz\/index.php\/wp-json\/wp\/v2\/pages\/1289","targetHints":{"allow":["GET"]}}],"collection":[{"href":"https:\/\/bmone.cz\/index.php\/wp-json\/wp\/v2\/pages"}],"about":[{"href":"https:\/\/bmone.cz\/index.php\/wp-json\/wp\/v2\/types\/page"}],"author":[{"embeddable":true,"href":"https:\/\/bmone.cz\/index.php\/wp-json\/wp\/v2\/users\/1"}],"replies":[{"embeddable":true,"href":"https:\/\/bmone.cz\/index.php\/wp-json\/wp\/v2\/comments?post=1289"}],"version-history":[{"count":10,"href":"https:\/\/bmone.cz\/index.php\/wp-json\/wp\/v2\/pages\/1289\/revisions"}],"predecessor-version":[{"id":1389,"href":"https:\/\/bmone.cz\/index.php\/wp-json\/wp\/v2\/pages\/1289\/revisions\/1389"}],"wp:attachment":[{"href":"https:\/\/bmone.cz\/index.php\/wp-json\/wp\/v2\/media?parent=1289"}],"curies":[{"name":"wp","href":"https:\/\/api.w.org\/{rel}","templated":true}]}}